Let y be 42/(-2) + 5 + -2. Is ((-12)/y)/((-4)/(-66)) a composite number?
False
Let z = 14 + 8. Let h = z - -45. Is h a composite number?
False
Let g be (-4)/8 + (-7)/2. Is -1 + (77 - (1 + g)) composite?
False
Let t(g) = -2*g - 4. Let m be t(-6). Suppose 0 = -q + 5*n + 4, -6*q + 4*q - n = -m. Is 339/q + (-2)/(-8) a prime number?
False
Suppose -230 = -u + 6*u. Let f be 6/(-4)*u/3. Suppose 0*t - f = -t. Is t a composite number?
False
Suppose -434 = -2*m - 4*l + 348, l + 1591 = 4*m. Is m a prime number?
True
Let r = 69 + -32. Suppose 5*i - 4*i = r. Is i composite?
False
Let y(i) = -40*i**3 - 15*i**2 + 7*i + 5. Is y(-5) a prime number?
False
Suppose -5*q + 2*f + 6591 = 0, -2 = -f - 0. Is q composite?
False
Let c(g) = 0*g - 11 + 4*g + 5*g - 3*g. Suppose -5*a = 20, -3*a + 12 = -z + 4*z. Is c(z) a composite number?
False
Suppose f - 40 = -5*o, -f + 0*f - 4*o = -35. Suppose 4*q + f - 71 = 0. Is q a prime number?
False
Let g(h) = 3*h**2 + 7*h. Let u(r) = -r**2 - r - 1. Let d(k) = -g(k) - 2*u(k). Let q be d(-6). Is ((-22)/q - 2)*6 composite?
True
Suppose -3*y - 12 = -4*y. Is (18/y)/(3/226) composite?
False
Suppose 0 = 3*a - 8*a - 505. Let o = -70 - a. Is o composite?
False
Suppose 2*h + 1217 = 3*h. Is h composite?
False
Suppose -3*t = 2*m - 16, t - 5 = -4*m + 17. Is ((-34)/(-4))/(m/70) a prime number?
False
Let i = -131 + 294. Let j = i - -172. Is j a composite number?
True
Suppose 7*b - 36 = 3*b. Let y(r) = -r - 7. Let t be y(b). Let q = 35 + t. Is q a composite number?
False
Suppose 0*m - 45 = -3*m. Suppose -m = -3*w + 63. Is w a prime number?
False
Suppose -1791 = -5*m - 451. Suppose 3*r = 5*r - m. Let q = r + -81. Is q a prime number?
True
Let h(a) = a**2 - a. Let y be h(1). Is (y + -39)*(-5)/15 prime?
True
Let n(w) be the first derivative of -50*w**2 + 2*w - 5. Is n(-3) a composite number?
True
Let j(n) = -n**3 - 7*n**2 - 7*n - 2. Let y be j(-6). Suppose 4*i + 66 = 3*k, 0 = y*k - i - 75 - 0. Is 76/6 - (-6)/k composite?
False
Suppose 2*v + 2*n + 148 = 0, -3 = -2*v + 2*n - 163. Suppose 6*h + 209 = h - 2*f, -83 = 2*h + f. Let d = h - v. Is d prime?
False
Suppose 3*w = v + 979, 7*w - 4*w - 983 = 2*v. Let g = 548 - w. Is g composite?
False
Suppose -3*p + 15 = 2*p. Is (p/(-6))/(2/(-84)) composite?
True
Suppose 95 = -5*q + 6*q. Is q prime?
False
Let t = 206 - 93. Let m = -30 + t. Is m prime?
True
Suppose 0*j + 5*o = -2*j + 2912, 0 = 2*j + 3*o - 2908. Suppose -5*i + 2094 = -j. Is i prime?
True
Suppose -3*z - 2*g + 2170 = 2*g, -2161 = -3*z + 5*g. Let v = z - 343. Is v composite?
False
Suppose -4*b + 3*b = -5. Suppose 4*j + 219 = b*l, 5*j - 193 + 26 = -4*l. Is l composite?
False
Let o(j) = 7*j - 4. Let p = 4 - -2. Let s be o(p). Is 1/(((-6)/s)/(-3)) prime?
True
Let i = -25 - 113. Suppose -354 = -a + 5*m, 4*a - 3*m = -7*m + 1296. Let u = i + a. Is u composite?
False
Is (-30)/(-20)*19*2 composite?
True
Let l(x) = -2*x**3 - 2*x**2 + 5*x - 8. Let m be l(-6). Suppose m - 49 = 3*v. Is v prime?
False
Suppose -5*p + 2*f + 11449 = 0, 2*p - 2*f = 3*p - 2285. Suppose 5*k + 824 - p = 0. Is k prime?
True
Suppose q - 15 = -0*q - 2*f, -3*q + 5*f + 1 = 0. Let i = q + 70. Is i prime?
False
Suppose 4*p - 1863 = 1685. Is p a composite number?
False
Let p(t) = -27*t - 5. Let c be p(-6). Suppose 28 - c = -3*m. Is m prime?
True
Let j(b) = 178*b**2. Let n(r) = -2315*r**2. Let y(k) = 40*j(k) + 3*n(k). Let o be y(1). Suppose l = 6*l - o. Is l prime?
False
Let o(z) = 2*z - 3. Let r be o(2). Is 0 + 0 + r - -334 composite?
True
Let g(i) = 9*i**3 + i**2 + i - 4. Is g(3) prime?
True
Suppose 2*v - 188 = -5*n + 471, -v + 3*n + 302 = 0. Is v composite?
False
Suppose 2*d + 4 = 12. Is d prime?
False
Let k be (3 - 2)*(-1 + -1). Is 26 - 4 - (k + 3) prime?
False
Let d(j) = -j**3 + 6*j - 1. Let w = -17 + 12. Let c be d(w). Suppose n - 83 = c. Is n composite?
True
Let o = -19 - -11. Let s be 2/(-8) + 22/o. Is s/(-3) - (-53 - 1) prime?
False
Let c = 461 + -144. Is c a prime number?
True
Let v(n) = -3*n**3 - 1. Let x be (-3)/(-3) + 1*3. Suppose -3*r + 4*l = -10 - 0, x*r - 12 = 5*l. Is v(r) prime?
True
Let b be ((-2)/(-6))/(2/30). Suppose 5 = 5*z - b. Suppose -2*p - 3*n = -185, z*n - 20 = -2*n. Is p a prime number?
False
Let n(k) = -99*k + 13. Is n(-4) a composite number?
False
Suppose -5 = -2*j + 21. Suppose -2*f = -9 - j. Is f composite?
False
Suppose 3*r = -3 + 444. Let j = -89 - -183. Let b = r - j. Is b composite?
False
Is (8/(-24))/(3/(-7677)) composite?
False
Suppose 2*b - 6*m = -m + 518, 4*b - 4*m - 1036 = 0. Is b a composite number?
True
Suppose -p - 3*p + 12 = 0. Suppose 0 = -p*c + 6*c - 573. Is c a composite number?
False
Let f be (424/6)/((-1)/(-3)). Suppose f = 5*s - s. Suppose -2*a = -a - s. Is a a prime number?
True
Let v(k) = 379*k**2 - 2*k + 2. Let o be ((-13)/(-65))/(2/10). Is v(o) composite?
False
Let a = 5 - 39. Let p = a + 99. Is p prime?
False
Suppose 9*a - 555 = 4*a. Is a composite?
True
Let q = 3 + 0. Suppose -u = 3*u - 16. Suppose u*j = -j, -3*j - 99 = -q*i. Is i a prime number?
False
Let g(k) = 5*k**2 + 3*k - 35. Is g(15) composite?
True
Let m = 74 + 37. Is m composite?
True
Suppose -242 = -2*u - 5*i, 2*u - 2*i = 3*i + 202. Is u composite?
True
Suppose -3*z + z = -8, 2*z = 5*w - 7477. Is w a prime number?
False
Suppose 2*q - 5*v = 5*q - 463, 3*q + 2*v - 475 = 0. Is q a composite number?
True
Is 3/9 + (-3704)/(-12) a prime number?
False
Let w(r) = 68*r - 31. Is w(10) a prime number?
False
Suppose -5*t = -3*t. Suppose t = -u - 3*u + 236. Is u a prime number?
True
Let v = -115 - -288. Suppose g - 3*d - 32 = 0, -d + v = 5*g - 3*d. Is g prime?
False
Suppose 4*g = -3*f + g + 2103, 5*g - 701 = -f. Is f a composite number?
False
Let q(v) = 250*v**2 + v + 1. Let u be q(-1). Suppose -u = -5*f + o, -4*f = 2*o + 2*o - 200. Suppose -4*w + 565 = 3*b, -149 = -b + 4*w + f. Is b a prime number?
True
Let f(g) = g**2 + 3*g - 8. Let i be f(-6). Let h = i + -6. Suppose 0 = -h*b + z + 122, 5*b = 2*z + 194 - 43. Is b composite?
False
Let i(q) = 3*q**2 + 3*q. Let y be i(-2). Let b(t) = 62*t - 1. Is b(y) prime?
False
Suppose 0*x - 592 = 2*x. Let r = -185 - x. Is r composite?
True
Suppose -4*n = l - n - 125, 3*l - 408 = 2*n. Is l a prime number?
False
Is 2637 + -3 + (-16)/(-4) a composite number?
True
Let d(t) = 45*t**2 - 3*t + 3. Is d(2) a composite number?
True
Let x(l) = 16*l**2 + l - 10. Is x(5) prime?
False
Is 481/1 - (-4 + 3 - -1) composite?
True
Suppose s - 95 = 84. Is s composite?
False
Let k(t) = t**2 - 5*t + 4. Let c be k(4). Let h be c - ((-10)/2 - -2). Suppose 71 = 4*l - 5*v, -l = -h*v + 4*v - 20. Is l a prime number?
True
Suppose -u + 4*g = -105, u - 2*g + 287 = 4*u. Is u a prime number?
True
Suppose -7*p = -2*p + c + 217, -2*p + 5*c = 76. Let w be (15/5)/((-1)/p). Let g = -91 + w. Is g a composite number?
True
Suppose -3 = 3*l - 12, -5*w = -2*l - 1449. Is w a composite number?
True
Let o = 17 + -12. Let a be 2/5 - (-18)/o. Suppose -13 = -4*m + a*r + 3, m = 3*r. Is m a prime number?
False
Suppose 5*d + 29 = 74. Let f(k) = -58*k**2 + k + 2. Let b be f(-2). Is 2/9 - b/d prime?
False
Let z = 4 - -3. Let x(o) = o**2 - 5*o - 1. Is x(z) a prime number?
True
Suppose 5*w - 4*l + 2057 = 0, w + l + 407 = 4*l. Let p be 1/(-3) - w/(-3). Let u = -56 - p. Is u composite?
True
Suppose -3*r + 8 = r. Let j be (-1)/(r + (-61)/31). Let l = -9 - j. Is l composite?
True
Suppose 2*p + 3*i - 248 = -i, -4*i - 556 = -4*p. Is p a composite number?
True
Let l be (-5 - -9) + (-2 - 2). Suppose -118 = -l*t - t. Is t a composite number?
True
Suppose 2*s - 6*w + 3*w - 21 = 0, -4*s + w + 17 = 0. Suppose -62 = f - s*f. Is f a composite number?
False
Is 268*4/32*2 composite?
False
Suppose -2*w + 4*g = -74, -4*g + 112 = -w + 5*w. Is w prime?
True
Let d be 18/(-6) - (-672 + -1). Suppose -y = -2*f + d, 0 = -0*f + f + 3*y - 328. Is f composite?
True
Suppose 4*l = 14 + 2. Suppose 5*m - m - 880 = 4*d, -l*d - 1103 = -5*m. Is m a prime number?
True
Suppose 5*q = -g + 212, 3*q + q = -5*g + 178. Let d = 21 - q. Is (2/(-6))/(1/d) a prime number?
True
Let a(k) = -17*k**2 + 2*k + 1. Let i be a(-2). Let n = -21 - i. Suppose -5*h - 2*v = -61 - n, 5*v = 4*h - 102. Is h a composite number?
False
Suppose 7*z = -2*c + 3*z + 16, c - z + 4 = 0. Suppose -x = -c*x. Is 8 - -1 - (0 - x) a composite number?
True
Let c(r) = 3*r**2 + r - 2. Let 